{"id":1739,"date":"2023-02-08T15:09:51","date_gmt":"2023-02-08T15:09:51","guid":{"rendered":"https:\/\/kuenstler-biografien.de\/index\/?page_id=1739"},"modified":"2023-05-26T08:55:17","modified_gmt":"2023-05-26T08:55:17","slug":"41-caspar-david-friedrich","status":"publish","type":"page","link":"https:\/\/kuenstler-biografien.de\/index\/41-caspar-david-friedrich","title":{"rendered":"41. Caspar David Friedrich"},"content":{"rendered":"<div class=\"wp-block-image\">\n<figure class=\"aligncenter size-medium\"><img loading=\"lazy\" decoding=\"async\" width=\"213\" height=\"300\" src=\"https:\/\/kuenstler-biografien.de\/wp-content\/uploads\/2023\/02\/cdf-213x300.gif\" alt=\"\" class=\"wp-image-1740\" srcset=\"https:\/\/kuenstler-biografien.de\/wp-content\/uploads\/2023\/02\/cdf-213x300.gif 213w, https:\/\/kuenstler-biografien.de\/wp-content\/uploads\/2023\/02\/cdf-726x1024.gif 726w, https:\/\/kuenstler-biografien.de\/wp-content\/uploads\/2023\/02\/cdf-768x1083.gif 768w, https:\/\/kuenstler-biografien.de\/wp-content\/uploads\/2023\/02\/cdf-1090x1536.gif 1090w\" sizes=\"auto, (max-width: 213px) 100vw, 213px\" \/><figcaption class=\"wp-element-caption\">Caspar David Friedrich <br>Allein<\/figcaption><\/figure>\n<\/div>\n\n\n<p><span style=\"color: #808080;\">Eine Comic-Biografie \u00fcber den gro\u00dfen deutschen Maler, der im &#8222;Romantik&#8220;-Band (Nr. 17 dieser Reihe) schon einmal im Vergleich mit dem Engl\u00e4nder William Turner vorgestellt wurde.<\/span><\/p>\n\n\n\n<p><span style=\"color: #808080;\">Diesmal &#8222;Allein&#8220;, aufgrund vieler Leserw\u00fcnsche, die f\u00fcr mich ein Ansporn waren, mir den Romantik-Band noch einmal vorzunehmen und mit ummontierten und neuen Bildern diese Einzelausgabe zu Caspar David Friedrich zu erstellen.<br><\/span><\/p>\n\n\n\n<p class=\"has-text-color\" style=\"color:#808080\"><a style=\"color: #808080;\" href=\"https:\/\/kuenstler-biografien.de\/kleinformate\">Kleinformat (10,5\u00d714,8 cm, Heft) 32 S. , farbig, 3,00 \u20ac<\/a>  <span style=\"color: #808080;\">ISBN-Nr.: 978-3-938182-48-2<\/span><br><a style=\"color: #808080;\" href=\"https:\/\/kuenstler-biografien.de\/grossformate\">Gro\u00dfformat Hardcover (17\u00d724 cm) 36 S. , farbig, 10,00 \u20ac<\/a> <span style=\"color: #808080;\">ISBN-Nr.: 978-3-96430-350-9<\/span><\/p>\n\n\n\n<p><span style=\"color: #808080;\">Beispielseiten<\/span><\/p>\n\n\n\n<figure class=\"wp-block-image size-full is-resized\"><img loading=\"lazy\" decoding=\"async\" src=\"https:\/\/kuenstler-biografien.de\/wp-content\/uploads\/2023\/02\/friedrich_16_17.jpg\" alt=\"\" class=\"wp-image-1743\" width=\"760\" height=\"536\" srcset=\"https:\/\/kuenstler-biografien.de\/wp-content\/uploads\/2023\/02\/friedrich_16_17.jpg 760w, https:\/\/kuenstler-biografien.de\/wp-content\/uploads\/2023\/02\/friedrich_16_17-300x212.jpg 300w\" sizes=\"auto, (max-width: 760px) 100vw, 760px\" \/><figcaption class=\"wp-element-caption\">Caspar David Friedrich, Seiten 16-17<\/figcaption><\/figure>\n\n\n\n<figure class=\"wp-block-image size-full\"><img loading=\"lazy\" decoding=\"async\" width=\"760\" height=\"536\" src=\"https:\/\/kuenstler-biografien.de\/wp-content\/uploads\/2023\/02\/friedrich_4_5.jpg\" alt=\"\" class=\"wp-image-1744\" srcset=\"https:\/\/kuenstler-biografien.de\/wp-content\/uploads\/2023\/02\/friedrich_4_5.jpg 760w, https:\/\/kuenstler-biografien.de\/wp-content\/uploads\/2023\/02\/friedrich_4_5-300x212.jpg 300w\" sizes=\"auto, (max-width: 760px) 100vw, 760px\" \/><figcaption class=\"wp-element-caption\">Caspar David Friedrich, Seiten 4-5<\/figcaption><\/figure>\n","protected":false},"excerpt":{"rendered":"<p>Eine Comic-Biografie \u00fcber den gro\u00dfen deutschen Maler, der im &#8222;Romantik&#8220;-Band (Nr. 17 dieser Reihe) schon einmal im Vergleich mit dem Engl\u00e4nder William Turner vorgestellt wurde. Diesmal &#8222;Allein&#8220;, aufgrund vieler Leserw\u00fcnsche, die f\u00fcr mich ein Ansporn waren, mir den Romantik-Band noch einmal vorzunehmen und mit ummontierten und neuen Bildern diese Einzelausgabe zu Caspar David Friedrich zu [&hellip;]<\/p>\n","protected":false},"author":1,"featured_media":0,"parent":0,"menu_order":0,"comment_status":"closed","ping_status":"closed","template":"","meta":{"footnotes":""},"class_list":["post-1739","page","type-page","status-publish","hentry"],"aioseo_notices":[],"_links":{"self":[{"href":"https:\/\/kuenstler-biografien.de\/index\/wp-json\/wp\/v2\/pages\/1739","targetHints":{"allow":["GET"]}}],"collection":[{"href":"https:\/\/kuenstler-biografien.de\/index\/wp-json\/wp\/v2\/pages"}],"about":[{"href":"https:\/\/kuenstler-biografien.de\/index\/wp-json\/wp\/v2\/types\/page"}],"author":[{"embeddable":true,"href":"https:\/\/kuenstler-biografien.de\/index\/wp-json\/wp\/v2\/users\/1"}],"replies":[{"embeddable":true,"href":"https:\/\/kuenstler-biografien.de\/index\/wp-json\/wp\/v2\/comments?post=1739"}],"version-history":[{"count":5,"href":"https:\/\/kuenstler-biografien.de\/index\/wp-json\/wp\/v2\/pages\/1739\/revisions"}],"predecessor-version":[{"id":1845,"href":"https:\/\/kuenstler-biografien.de\/index\/wp-json\/wp\/v2\/pages\/1739\/revisions\/1845"}],"wp:attachment":[{"href":"https:\/\/kuenstler-biografien.de\/index\/wp-json\/wp\/v2\/media?parent=1739"}],"curies":[{"name":"wp","href":"https:\/\/api.w.org\/{rel}","templated":true}]}}