{"id":180,"date":"2016-01-26T10:13:02","date_gmt":"2016-01-26T10:13:02","guid":{"rendered":"http:\/\/edition-willi-bloess.kuenstler-biografien.de\/?page_id=180"},"modified":"2025-09-05T09:41:34","modified_gmt":"2025-09-05T09:41:34","slug":"david-hockney","status":"publish","type":"page","link":"https:\/\/kuenstler-biografien.de\/index\/david-hockney","title":{"rendered":"21. David Hockney"},"content":{"rendered":"<figure id=\"attachment_883\" aria-describedby=\"caption-attachment-883\" style=\"width: 213px\" class=\"wp-caption aligncenter\"><img loading=\"lazy\" decoding=\"async\" class=\"wp-image-883 size-full\" src=\"https:\/\/kuenstler-biografien.de\/wp-content\/uploads\/2016\/01\/hockney.png\" alt=\"David Hockney\" width=\"213\" height=\"289\" \/><figcaption id=\"caption-attachment-883\" class=\"wp-caption-text\"><span style=\"color: #808080;\">Am Pool mit David Hockney<\/span><\/figcaption><\/figure>\n<p><span style=\"color: #808080;\">Der 1937 im regnerischen England geborene David Hockney wurde mit Swimmingpool-Bildern aus dem sonnigen Los Angeles ber\u00fchmt. Die Comic-Biografie von Willi Bl\u00f6ss folgt den Bem\u00fchungen des Malers pop-artiger Bilder, nicht in die \u201eNaturalismusfalle\u201c zu tappen.<\/span><\/p>\n<p><span class=\"activnavi\" style=\"color: #808080;\"><a style=\"color: #808080;\" href=\"https:\/\/kuenstler-biografien.de\/kleinformate\">Kleinformat (10,5&#215;14,3 cm, Heft) 32 S. , farbig, 3,00 \u20ac<\/a><\/span><br \/>\n<a style=\"color: #808080;\" href=\"https:\/\/kuenstler-biografien.de\/grossformate\">Gro\u00dfformat Hardcover (17\u00d724 cm, Heft) 36 S., farbig, 10,00 \u20ac<\/a><\/p>\n<p><span style=\"color: #808080;\">Beispielseiten<\/span><\/p>\n<figure id=\"attachment_885\" aria-describedby=\"caption-attachment-885\" style=\"width: 761px\" class=\"wp-caption alignnone\"><img loading=\"lazy\" decoding=\"async\" class=\"wp-image-885 size-full\" src=\"https:\/\/kuenstler-biografien.de\/wp-content\/uploads\/2016\/01\/hock_12_13.jpg\" alt=\"hockney_12_13\" width=\"761\" height=\"518\" srcset=\"https:\/\/kuenstler-biografien.de\/wp-content\/uploads\/2016\/01\/hock_12_13.jpg 761w, https:\/\/kuenstler-biografien.de\/wp-content\/uploads\/2016\/01\/hock_12_13-300x204.jpg 300w\" sizes=\"auto, (max-width: 761px) 100vw, 761px\" \/><figcaption id=\"caption-attachment-885\" class=\"wp-caption-text\"><span style=\"color: #808080;\">David Hockney, Seiten 12 &#8211; 13<\/span><\/figcaption><\/figure>\n<figure id=\"attachment_886\" aria-describedby=\"caption-attachment-886\" style=\"width: 761px\" class=\"wp-caption alignnone\"><img loading=\"lazy\" decoding=\"async\" class=\"wp-image-886 size-full\" src=\"https:\/\/kuenstler-biografien.de\/wp-content\/uploads\/2016\/01\/hock_20_21.jpg\" alt=\"hockney_20_21\" width=\"761\" height=\"518\" srcset=\"https:\/\/kuenstler-biografien.de\/wp-content\/uploads\/2016\/01\/hock_20_21.jpg 761w, https:\/\/kuenstler-biografien.de\/wp-content\/uploads\/2016\/01\/hock_20_21-300x204.jpg 300w\" sizes=\"auto, (max-width: 761px) 100vw, 761px\" \/><figcaption id=\"caption-attachment-886\" class=\"wp-caption-text\"><span style=\"color: #808080;\">David Hockney, Seiten 20 &#8211; 21<\/span><\/figcaption><\/figure>\n","protected":false},"excerpt":{"rendered":"<p>Der 1937 im regnerischen England geborene David Hockney wurde mit Swimmingpool-Bildern aus dem sonnigen Los Angeles ber\u00fchmt. Die Comic-Biografie von Willi Bl\u00f6ss folgt den Bem\u00fchungen des Malers pop-artiger Bilder, nicht in die \u201eNaturalismusfalle\u201c zu tappen. Kleinformat (10,5&#215;14,3 cm, Heft) 32 S. , farbig, 3,00 \u20ac Gro\u00dfformat Hardcover (17\u00d724 cm, Heft) 36 S., farbig, 10,00 \u20ac [&hellip;]<\/p>\n","protected":false},"author":1,"featured_media":0,"parent":0,"menu_order":0,"comment_status":"closed","ping_status":"closed","template":"","meta":{"footnotes":""},"class_list":["post-180","page","type-page","status-publish","hentry"],"aioseo_notices":[],"_links":{"self":[{"href":"https:\/\/kuenstler-biografien.de\/index\/wp-json\/wp\/v2\/pages\/180","targetHints":{"allow":["GET"]}}],"collection":[{"href":"https:\/\/kuenstler-biografien.de\/index\/wp-json\/wp\/v2\/pages"}],"about":[{"href":"https:\/\/kuenstler-biografien.de\/index\/wp-json\/wp\/v2\/types\/page"}],"author":[{"embeddable":true,"href":"https:\/\/kuenstler-biografien.de\/index\/wp-json\/wp\/v2\/users\/1"}],"replies":[{"embeddable":true,"href":"https:\/\/kuenstler-biografien.de\/index\/wp-json\/wp\/v2\/comments?post=180"}],"version-history":[{"count":14,"href":"https:\/\/kuenstler-biografien.de\/index\/wp-json\/wp\/v2\/pages\/180\/revisions"}],"predecessor-version":[{"id":2123,"href":"https:\/\/kuenstler-biografien.de\/index\/wp-json\/wp\/v2\/pages\/180\/revisions\/2123"}],"wp:attachment":[{"href":"https:\/\/kuenstler-biografien.de\/index\/wp-json\/wp\/v2\/media?parent=180"}],"curies":[{"name":"wp","href":"https:\/\/api.w.org\/{rel}","templated":true}]}}