{"id":2001,"date":"2024-09-27T12:58:34","date_gmt":"2024-09-27T12:58:34","guid":{"rendered":"https:\/\/kuenstler-biografien.de\/index\/?page_id=2001"},"modified":"2025-09-05T09:48:31","modified_gmt":"2025-09-05T09:48:31","slug":"44-marina-abramovic","status":"publish","type":"page","link":"https:\/\/kuenstler-biografien.de\/index\/44-marina-abramovic","title":{"rendered":"44. Marina Abramovi\u0107"},"content":{"rendered":"<div class=\"wp-block-image is-style-default\">\n<figure class=\"aligncenter size-medium\"><img loading=\"lazy\" decoding=\"async\" width=\"213\" height=\"300\" src=\"https:\/\/kuenstler-biografien.de\/wp-content\/uploads\/2024\/09\/abramo-213x300.gif\" alt=\"\" class=\"wp-image-2003\" srcset=\"https:\/\/kuenstler-biografien.de\/wp-content\/uploads\/2024\/09\/abramo-213x300.gif 213w, https:\/\/kuenstler-biografien.de\/wp-content\/uploads\/2024\/09\/abramo-726x1024.gif 726w, https:\/\/kuenstler-biografien.de\/wp-content\/uploads\/2024\/09\/abramo-768x1083.gif 768w, https:\/\/kuenstler-biografien.de\/wp-content\/uploads\/2024\/09\/abramo-1090x1536.gif 1090w\" sizes=\"auto, (max-width: 213px) 100vw, 213px\" \/><figcaption class=\"wp-element-caption\"><em>Marina Abramovi\u0107 <br>Body Art<\/em><\/figcaption><\/figure>\n<\/div>\n\n\n<p><\/p>\n\n\n\n<p class=\"has-text-color has-link-color wp-elements-76c2afd65cfeed6aa5eafee33f4302ba\" style=\"color:#807e7e\">Die serbische Performance-K\u00fcnstlerin Marina Abramovi\u0107 (Jahrgang 1946) begann in den 1970er-Jahren, das Publikum mit Nacktauftritten und Selbstgei\u00dfelungen zu schockieren. In seiner Comic-Biografie schildert Willi Bl\u00f6ss das Leben der K\u00fcnstlerin und die Entwicklung ihrer spektakul\u00e4ren Auftritte \u00fcber Jahrzehnte.<br><\/p>\n\n\n\n<p class=\"has-text-color has-link-color wp-elements-afb24441ef8ac79b03d5c21b1ca248db\" style=\"color:#807e7e\"><a href=\"https:\/\/kuenstler-biografien.de\/kleinformate\" title=\"\">Kleinformat (10,5\u00d714,8 cm,Heft) 32 S. , farbig<\/a><\/p>\n\n\n\n<p class=\"has-text-color has-link-color wp-elements-0f7ff25dfa035095225ed5a666860e89\" style=\"color:#807e7e\"><a href=\"https:\/\/kuenstler-biografien.de\/grossformate\">Gro\u00dfformat Hardcover (17\u00d724 cm) 36 S. , farbig, 10,00\u20ac<\/a><\/p>\n\n\n\n<p>Beispielseiten<\/p>\n\n\n\n<figure class=\"wp-block-image size-full\"><img loading=\"lazy\" decoding=\"async\" width=\"760\" height=\"536\" src=\"https:\/\/kuenstler-biografien.de\/wp-content\/uploads\/2024\/09\/abramo_12_13.jpg\" alt=\"\" class=\"wp-image-2007\" srcset=\"https:\/\/kuenstler-biografien.de\/wp-content\/uploads\/2024\/09\/abramo_12_13.jpg 760w, https:\/\/kuenstler-biografien.de\/wp-content\/uploads\/2024\/09\/abramo_12_13-300x212.jpg 300w\" sizes=\"auto, (max-width: 760px) 100vw, 760px\" \/><\/figure>\n\n\n\n<p>Marina Abramovi\u0107, Seiten 12 -13<\/p>\n\n\n\n<figure class=\"wp-block-image size-full\"><img loading=\"lazy\" decoding=\"async\" width=\"760\" height=\"536\" src=\"https:\/\/kuenstler-biografien.de\/wp-content\/uploads\/2024\/09\/abramo_14_15.jpg\" alt=\"\" class=\"wp-image-2008\" srcset=\"https:\/\/kuenstler-biografien.de\/wp-content\/uploads\/2024\/09\/abramo_14_15.jpg 760w, https:\/\/kuenstler-biografien.de\/wp-content\/uploads\/2024\/09\/abramo_14_15-300x212.jpg 300w\" sizes=\"auto, (max-width: 760px) 100vw, 760px\" \/><\/figure>\n\n\n\n<p>Marina Abramovi\u0107, Seiten 14 &#8211; 15<\/p>\n","protected":false},"excerpt":{"rendered":"<p>Die serbische Performance-K\u00fcnstlerin Marina Abramovi\u0107 (Jahrgang 1946) begann in den 1970er-Jahren, das Publikum mit Nacktauftritten und Selbstgei\u00dfelungen zu schockieren. In seiner Comic-Biografie schildert Willi Bl\u00f6ss das Leben der K\u00fcnstlerin und die Entwicklung ihrer spektakul\u00e4ren Auftritte \u00fcber Jahrzehnte. Kleinformat (10,5\u00d714,8 cm,Heft) 32 S. , farbig Gro\u00dfformat Hardcover (17\u00d724 cm) 36 S. , farbig, 10,00\u20ac Beispielseiten Marina [&hellip;]<\/p>\n","protected":false},"author":1,"featured_media":0,"parent":0,"menu_order":0,"comment_status":"closed","ping_status":"closed","template":"","meta":{"footnotes":""},"class_list":["post-2001","page","type-page","status-publish","hentry"],"aioseo_notices":[],"_links":{"self":[{"href":"https:\/\/kuenstler-biografien.de\/index\/wp-json\/wp\/v2\/pages\/2001","targetHints":{"allow":["GET"]}}],"collection":[{"href":"https:\/\/kuenstler-biografien.de\/index\/wp-json\/wp\/v2\/pages"}],"about":[{"href":"https:\/\/kuenstler-biografien.de\/index\/wp-json\/wp\/v2\/types\/page"}],"author":[{"embeddable":true,"href":"https:\/\/kuenstler-biografien.de\/index\/wp-json\/wp\/v2\/users\/1"}],"replies":[{"embeddable":true,"href":"https:\/\/kuenstler-biografien.de\/index\/wp-json\/wp\/v2\/comments?post=2001"}],"version-history":[{"count":12,"href":"https:\/\/kuenstler-biografien.de\/index\/wp-json\/wp\/v2\/pages\/2001\/revisions"}],"predecessor-version":[{"id":2130,"href":"https:\/\/kuenstler-biografien.de\/index\/wp-json\/wp\/v2\/pages\/2001\/revisions\/2130"}],"wp:attachment":[{"href":"https:\/\/kuenstler-biografien.de\/index\/wp-json\/wp\/v2\/media?parent=2001"}],"curies":[{"name":"wp","href":"https:\/\/api.w.org\/{rel}","templated":true}]}}